-- MySQL Administrator dump 1.4
--
-- ------------------------------------------------------
-- Server version	4.0.18-nt


/*!40101 SET @OLD_CHARACTER_SET_CLIENT=@@CHARACTER_SET_CLIENT */;
/*!40101 SET @OLD_CHARACTER_SET_RESULTS=@@CHARACTER_SET_RESULTS */;
/*!40101 SET @OLD_COLLATION_CONNECTION=@@COLLATION_CONNECTION */;
/*!40101 SET NAMES utf8 */;

/*!40014 SET @OLD_UNIQUE_CHECKS=@@UNIQUE_CHECKS, UNIQUE_CHECKS=0 */;
/*!40014 SET @OLD_FOREIGN_KEY_CHECKS=@@FOREIGN_KEY_CHECKS, FOREIGN_KEY_CHECKS=0 */;
/*!40101 SET @OLD_SQL_MODE=@@SQL_MODE, SQL_MODE='NO_AUTO_VALUE_ON_ZERO' */;


--
-- Create schema wmtipp
--

CREATE DATABASE IF NOT EXISTS wmtipp;
USE wmtipp;

--
-- Definition of table `wm_mannschaften`
--

DROP TABLE IF EXISTS `wm_mannschaften`;
CREATE TABLE `wm_mannschaften` (
  `mid` int(11) NOT NULL default '0',
  `land` varchar(25) NOT NULL default '',
  `gruppe` char(1) NOT NULL default '',
  `kennung` char(3) NOT NULL default '',
  PRIMARY KEY  (`mid`)
) TYPE=MyISAM;

--
-- Dumping data for table `wm_mannschaften`
--

/*!40000 ALTER TABLE `wm_mannschaften` DISABLE KEYS */;
INSERT INTO `wm_mannschaften` (`mid`,`land`,`gruppe`,`kennung`) VALUES 
 (3,'Deutschland','A','GER'),
 (11,'Costa Rica','A','CRC'),
 (15,'Polen','A','POL'),
 (23,'Ecuador','A','ECU'),
 (6,'England','B','ENG'),
 (7,'Paraguay','B','PAR'),
 (13,'Trinidad und Tobago','B','TRI'),
 (14,'Schweden','B','SWE'),
 (26,'Argentinien','C','ARG'),
 (30,'Elfenbeinküste','C','CIV'),
 (31,'Serbien und Montenegro','C','SCG'),
 (32,'Niederlande','C','NED'),
 (16,'Mexiko','D','MEX'),
 (22,'Iran','D','IRN'),
 (25,'Angola','D','ANG'),
 (29,'Portugal','D','POR'),
 (10,'Italien','E','ITA'),
 (17,'Ghana','E','GHA'),
 (21,'USA','E','USA'),
 (28,'Tschechische Republik','E','CZE'),
 (8,'Brasilien','F','BRA'),
 (18,'Kroatien','F','CRO'),
 (24,'Australien','F','AUS'),
 (27,'Japan','F','JPN'),
 (9,'Frankreich','G','FRA'),
 (12,'Schweiz','G','SUI'),
 (19,'Republik Korea','G','KOR'),
 (20,'Togo','G','TOG'),
 (1,'Spanien','H','ESP'),
 (2,'Ukraine','H','UKR'),
 (4,'Tunesien','H','TUN'),
 (5,'Saudiarabien','H','KSA');
/*!40000 ALTER TABLE `wm_mannschaften` ENABLE KEYS */;


--
-- Definition of table `wm_spiele`
--

DROP TABLE IF EXISTS `wm_spiele`;
CREATE TABLE `wm_spiele` (
  `sid` tinyint(4) NOT NULL default '0',
  `tore_a` int(2) default NULL,
  `tore_b` int(2) default NULL,
  `mannschaft_a` char(3) default NULL,
  `mannschaft_b` char(3) default NULL,
  `zeit` datetime NOT NULL default '0000-00-00 00:00:00',
  `gruppe` char(1) default NULL,
  PRIMARY KEY  (`sid`)
) TYPE=MyISAM;

--
-- Dumping data for table `wm_spiele`
--

/*!40000 ALTER TABLE `wm_spiele` DISABLE KEYS */;
INSERT INTO `wm_spiele` (`sid`,`tore_a`,`tore_b`,`mannschaft_a`,`mannschaft_b`,`zeit`,`gruppe`) VALUES 
 (1,4,2,'3','11','2006-06-09 18:00:00','A'),
 (2,0,2,'15','23','2006-06-09 21:00:00','A'),
 (3,1,0,'6','7','2006-06-10 15:00:00','B'),
 (4,0,0,'13','14','2006-06-10 18:00:00','B'),
 (5,2,1,'26','30','2006-06-10 21:00:00','C'),
 (6,0,1,'31','32','2006-06-11 15:00:00','C'),
 (7,3,1,'16','22','2006-06-11 18:00:00','D'),
 (8,0,1,'25','29','2006-06-11 21:00:00','D'),
 (9,2,0,'10','17','2006-06-12 21:00:00','E'),
 (10,0,3,'21','28','2006-06-12 18:00:00','E'),
 (11,1,0,'8','18','2006-06-13 21:00:00','F'),
 (12,3,1,'24','27','2006-06-12 15:00:00','F'),
 (13,0,0,'9','12','2006-06-13 18:00:00','G'),
 (14,2,1,'19','20','2006-06-13 15:00:00','G'),
 (15,4,0,'1','2','2006-06-14 15:00:00','H'),
 (16,2,2,'4','5','2006-06-14 18:00:00','H'),
 (17,1,0,'3','15','2006-06-14 21:00:00','A'),
 (18,3,0,'23','11','2006-06-15 15:00:00','A'),
 (19,2,0,'6','13','2006-06-15 18:00:00','B'),
 (20,1,0,'14','7','2006-06-15 21:00:00','B'),
 (21,6,0,'26','31','2006-06-16 15:00:00','C');
INSERT INTO `wm_spiele` (`sid`,`tore_a`,`tore_b`,`mannschaft_a`,`mannschaft_b`,`zeit`,`gruppe`) VALUES 
 (22,2,1,'32','30','2006-06-16 18:00:00','C'),
 (23,0,0,'16','25','2006-06-16 21:00:00','D'),
 (24,2,0,'29','22','2006-06-17 15:00:00','D'),
 (25,1,1,'10','21','2006-06-17 21:00:00','E'),
 (26,0,2,'28','17','2006-06-17 18:00:00','E'),
 (27,2,0,'8','24','2006-06-18 18:00:00','F'),
 (28,0,0,'27','18','2006-06-18 15:00:00','F'),
 (29,1,1,'9','19','2006-06-18 21:00:00','G'),
 (30,2,0,'12','20','2006-06-19 15:00:00','G'),
 (31,3,1,'1','4','2006-06-19 21:00:00','H'),
 (32,0,4,'5','2','2006-06-19 18:00:00','H'),
 (33,0,3,'23','3','2006-06-20 16:00:00','A'),
 (34,1,2,'11','15','2006-06-20 16:00:00','A'),
 (35,2,2,'14','6','2006-06-20 21:00:00','B'),
 (36,2,0,'7','13','2006-06-20 21:00:00','B'),
 (37,0,0,'32','26','2006-06-21 21:00:00','C'),
 (38,3,2,'30','31','2006-06-21 21:00:00','C'),
 (39,2,1,'29','16','2006-06-21 16:00:00','D'),
 (40,1,1,'22','25','2006-06-21 16:00:00','D'),
 (41,0,2,'28','10','2006-06-22 16:00:00','E'),
 (42,2,1,'17','21','2006-06-22 16:00:00','E');
INSERT INTO `wm_spiele` (`sid`,`tore_a`,`tore_b`,`mannschaft_a`,`mannschaft_b`,`zeit`,`gruppe`) VALUES 
 (43,1,4,'27','8','2006-06-22 21:00:00','F'),
 (44,2,2,'18','24','2006-06-22 21:00:00','F'),
 (45,0,2,'20','9','2006-06-23 21:00:00','G'),
 (46,2,0,'12','19','2006-06-23 21:00:00','G'),
 (47,0,1,'5','1','2006-06-23 16:00:00','H'),
 (48,1,0,'2','4','2006-06-23 16:00:00','H'),
 (49,2,0,'3','14','2006-06-24 17:00:00','8'),
 (50,2,1,'26','16','2006-06-24 21:00:00','8'),
 (51,1,0,'6','23','2006-06-25 17:00:00','8'),
 (52,1,0,'29','32','2006-06-25 21:00:00','8'),
 (53,1,0,'10','24','2006-06-26 17:00:00','8'),
 (54,0,3,'12','2','2006-06-26 21:00:00','8'),
 (55,3,0,'8','17','2006-06-27 17:00:00','8'),
 (56,1,3,'1','9','2006-06-27 21:00:00','8'),
 (57,5,3,'3','26','2006-06-30 17:00:00','4'),
 (58,1,3,'10','2','2006-07-01 17:00:00','4'),
 (59,3,0,'6','29','2006-06-30 21:00:00','4'),
 (60,0,1,'8','9','2006-07-01 21:00:00','4'),
 (61,0,2,'3','10','2006-07-04 21:00:00','2'),
 (62,0,1,'29','9','2006-07-05 21:00:00','2'),
 (63,3,1,'3','29','2006-07-08 21:00:00','3');
INSERT INTO `wm_spiele` (`sid`,`tore_a`,`tore_b`,`mannschaft_a`,`mannschaft_b`,`zeit`,`gruppe`) VALUES 
 (64,6,4,'10','9','2006-07-09 20:00:00','1');
/*!40000 ALTER TABLE `wm_spiele` ENABLE KEYS */;


--
-- Definition of table `wm_tipps`
--

DROP TABLE IF EXISTS `wm_tipps`;
CREATE TABLE `wm_tipps` (
  `tid` int(11) NOT NULL auto_increment,
  `sid` int(11) NOT NULL default '0',
  `uid` int(11) NOT NULL default '0',
  `tore_a` int(2) NOT NULL default '0',
  `tore_b` int(2) NOT NULL default '0',
  PRIMARY KEY  (`tid`)
) TYPE=MyISAM;

--
-- Dumping data for table `wm_tipps`
--

/*!40000 ALTER TABLE `wm_tipps` DISABLE KEYS */;
INSERT INTO `wm_tipps` (`tid`,`sid`,`uid`,`tore_a`,`tore_b`) VALUES 
 (2,1,62,3,0),
 (3,2,62,1,1),
 (4,3,62,2,1),
 (5,4,62,0,4),
 (6,5,62,2,2),
 (7,6,62,1,2),
 (8,7,62,0,0),
 (9,8,62,1,3),
 (10,9,62,1,0),
 (12,10,62,0,2),
 (13,11,62,2,2),
 (14,12,62,1,2),
 (15,13,62,3,1),
 (16,14,62,1,1),
 (17,15,62,1,2),
 (18,16,62,2,0),
 (19,17,62,2,1),
 (20,18,62,3,1),
 (21,19,62,1,0),
 (22,20,62,0,0),
 (23,21,62,3,0),
 (24,22,62,2,3),
 (25,23,62,1,0),
 (26,24,62,3,1),
 (27,25,62,1,1),
 (28,26,62,4,2),
 (29,27,62,5,0),
 (30,28,62,1,3),
 (31,29,62,2,0),
 (32,30,62,3,1),
 (33,31,62,4,0),
 (34,32,62,1,3),
 (35,33,62,0,3),
 (36,34,62,1,4),
 (37,35,62,2,3),
 (38,36,62,2,0),
 (39,37,62,1,1),
 (40,38,62,1,0),
 (41,39,62,2,2),
 (42,40,62,2,0),
 (43,41,62,1,1),
 (44,42,62,1,0),
 (45,43,62,1,4),
 (46,44,62,3,0),
 (47,45,62,0,4),
 (48,46,62,2,1),
 (49,47,62,1,3),
 (50,48,62,2,2),
 (51,2,63,2,1),
 (52,1,63,3,0),
 (53,3,63,2,1),
 (54,4,63,0,2),
 (55,5,63,2,1),
 (56,1,67,4,1),
 (57,2,67,1,0),
 (58,3,67,2,1),
 (59,4,67,1,4),
 (60,6,67,1,2);
INSERT INTO `wm_tipps` (`tid`,`sid`,`uid`,`tore_a`,`tore_b`) VALUES 
 (61,5,67,3,1),
 (62,7,67,1,0),
 (63,8,67,1,1),
 (64,9,67,2,1),
 (65,10,67,2,3),
 (66,11,67,2,1),
 (67,12,67,2,2),
 (68,13,67,2,0),
 (69,14,67,2,1),
 (70,15,67,1,3),
 (71,16,67,2,0),
 (72,17,67,1,1),
 (73,18,67,2,0),
 (74,19,67,5,0),
 (76,20,67,1,2),
 (77,21,67,2,1),
 (78,22,67,3,1),
 (79,23,67,2,2),
 (80,24,67,3,1),
 (81,25,67,1,0),
 (82,26,67,2,2),
 (83,27,67,3,0),
 (84,28,67,1,2),
 (85,29,67,2,0),
 (86,30,67,1,1),
 (87,31,67,1,1),
 (88,32,67,1,3),
 (89,33,67,0,2),
 (90,34,67,1,2),
 (91,35,67,2,2),
 (92,36,67,2,0),
 (93,37,67,2,2),
 (94,38,67,1,2),
 (95,39,67,2,2),
 (96,40,67,1,0),
 (97,41,67,0,0),
 (98,42,67,0,1),
 (99,43,67,2,4),
 (100,44,67,2,1),
 (101,45,67,0,3),
 (102,46,67,1,2),
 (103,47,67,0,2),
 (104,48,67,1,1),
 (105,1,69,3,0),
 (106,2,69,2,0),
 (107,3,69,3,1),
 (108,4,69,0,4),
 (109,5,69,6,0),
 (110,6,69,0,3),
 (111,7,69,4,0),
 (112,8,69,0,2),
 (113,9,69,2,1),
 (114,10,69,0,2),
 (115,11,69,2,0),
 (116,12,69,0,1),
 (117,13,69,2,0);
INSERT INTO `wm_tipps` (`tid`,`sid`,`uid`,`tore_a`,`tore_b`) VALUES 
 (118,14,69,2,1),
 (119,15,69,1,1),
 (120,16,69,2,0),
 (121,17,69,2,0),
 (122,18,69,3,2),
 (123,19,69,3,0),
 (124,20,69,2,1),
 (125,21,69,3,0),
 (126,22,69,3,0),
 (127,23,69,2,0),
 (128,24,69,3,0),
 (129,25,69,2,1),
 (130,26,69,2,0),
 (131,27,69,3,0),
 (132,28,69,1,2),
 (133,29,69,2,1),
 (134,30,69,2,0),
 (135,31,69,2,0),
 (136,32,69,0,4),
 (137,33,69,1,3),
 (138,34,69,0,2),
 (139,35,69,1,2),
 (140,36,69,2,0),
 (141,37,69,1,2),
 (142,38,69,1,0),
 (144,39,69,1,1),
 (145,40,69,0,1),
 (146,41,69,1,2),
 (147,42,69,2,1),
 (148,43,69,0,2),
 (149,44,69,1,2),
 (150,45,69,0,3),
 (151,46,69,1,2),
 (152,47,69,0,5),
 (153,48,69,2,0),
 (154,9,63,1,0),
 (155,6,63,0,2),
 (156,7,63,2,0),
 (157,8,63,1,2),
 (158,10,63,1,1),
 (159,11,63,3,0),
 (160,12,63,1,1),
 (161,13,63,2,0),
 (162,14,63,0,0),
 (163,15,63,1,1),
 (164,16,63,2,0),
 (165,17,63,1,0),
 (166,1,72,3,0),
 (167,2,72,2,1),
 (168,3,72,3,1),
 (169,4,72,1,2),
 (170,5,72,2,1),
 (171,6,72,1,1),
 (172,7,72,1,0);
INSERT INTO `wm_tipps` (`tid`,`sid`,`uid`,`tore_a`,`tore_b`) VALUES 
 (173,8,72,0,3),
 (174,9,72,2,1),
 (175,1,73,3,0),
 (176,2,73,1,1),
 (177,1,74,4,1),
 (178,2,74,1,1),
 (179,3,74,3,0),
 (181,4,74,0,1),
 (182,7,74,2,0),
 (183,6,74,0,5),
 (184,5,74,2,0),
 (185,9,74,3,0),
 (186,8,74,2,0),
 (187,10,74,1,1),
 (188,11,74,4,1),
 (189,12,74,0,2),
 (190,13,74,3,1),
 (191,14,74,2,1),
 (192,15,74,1,1),
 (193,16,74,2,0),
 (194,17,74,1,1),
 (195,18,74,1,2),
 (196,19,74,3,0),
 (197,20,74,1,0),
 (198,21,74,2,0),
 (199,23,74,2,0),
 (200,22,74,0,1),
 (201,24,74,1,0),
 (202,25,74,4,0),
 (203,26,74,3,3),
 (204,27,74,4,2),
 (205,28,74,0,0),
 (206,29,74,3,1),
 (207,30,74,1,0),
 (208,31,74,2,1),
 (209,33,74,0,2),
 (210,32,74,0,1),
 (211,34,74,1,1),
 (212,35,74,1,2),
 (213,36,74,2,2),
 (214,37,74,1,1),
 (215,38,74,2,1),
 (216,39,74,2,3),
 (217,40,74,1,2),
 (218,41,74,0,4),
 (219,42,74,1,2),
 (220,43,74,0,2),
 (221,44,74,0,1),
 (222,45,74,0,2),
 (223,46,74,0,1),
 (224,47,74,1,2),
 (225,48,74,1,1),
 (226,1,71,4,1),
 (227,2,71,2,0);
INSERT INTO `wm_tipps` (`tid`,`sid`,`uid`,`tore_a`,`tore_b`) VALUES 
 (228,3,71,3,2),
 (229,4,71,0,4),
 (230,6,71,1,1),
 (231,5,71,1,1),
 (232,8,71,0,4),
 (233,7,71,2,1),
 (235,1,68,3,0),
 (236,2,68,2,1),
 (237,3,68,2,0),
 (238,4,68,0,4),
 (239,5,68,2,2),
 (240,6,68,1,3),
 (241,7,68,2,1),
 (242,8,68,1,3),
 (243,9,68,2,0),
 (244,10,68,2,2),
 (245,11,68,1,2),
 (246,12,68,1,3),
 (247,13,68,2,0),
 (248,14,68,1,1),
 (249,15,68,1,2),
 (250,16,68,3,0),
 (251,1,61,2,0),
 (252,2,61,2,1),
 (253,3,61,3,1),
 (254,4,61,0,2),
 (255,5,61,2,1),
 (256,6,61,1,3),
 (257,7,61,2,0),
 (258,8,61,0,2),
 (259,9,61,4,1),
 (260,10,61,1,2),
 (261,11,61,3,1),
 (262,12,61,1,1),
 (263,13,61,3,1),
 (264,14,61,1,0),
 (265,15,61,2,1),
 (266,16,61,1,1),
 (267,17,61,2,1),
 (268,19,61,3,1),
 (269,18,61,1,1),
 (270,20,61,2,0),
 (271,21,61,3,1),
 (272,22,61,2,1),
 (273,23,61,2,0),
 (274,24,61,3,1),
 (275,25,61,2,1),
 (276,26,61,3,0),
 (277,27,61,2,0),
 (278,28,61,1,1),
 (279,29,61,2,1),
 (280,30,61,1,0),
 (281,31,61,3,0),
 (282,32,61,0,2),
 (283,33,61,1,3);
INSERT INTO `wm_tipps` (`tid`,`sid`,`uid`,`tore_a`,`tore_b`) VALUES 
 (284,34,61,1,2),
 (285,35,61,2,2),
 (286,36,61,2,1),
 (287,37,61,1,2),
 (288,38,61,2,1),
 (289,39,61,2,1),
 (290,40,61,1,1),
 (291,41,61,2,2),
 (292,42,61,0,3),
 (293,43,61,1,3),
 (295,44,61,1,1),
 (296,45,61,0,2),
 (297,46,61,2,1),
 (298,47,61,0,2),
 (299,48,61,3,0),
 (300,1,64,3,2),
 (301,2,64,1,1),
 (302,3,64,2,1),
 (303,4,64,0,2),
 (304,5,64,2,1),
 (305,18,63,1,0),
 (306,19,63,3,0),
 (307,20,63,2,1),
 (308,21,63,3,1),
 (309,22,63,2,1),
 (310,23,63,2,1),
 (311,24,63,1,0),
 (312,25,63,1,0),
 (313,26,63,2,0),
 (314,27,63,3,0),
 (315,1,60,2,0),
 (316,2,60,1,1),
 (317,3,60,3,1),
 (318,4,60,1,2),
 (319,5,60,1,0),
 (320,7,60,3,1),
 (321,6,60,0,3),
 (322,8,60,1,1),
 (323,9,60,2,1),
 (324,10,60,2,1),
 (325,11,60,3,0),
 (326,12,60,1,1),
 (327,13,60,3,1),
 (328,14,60,2,1),
 (329,15,60,2,2),
 (330,17,60,2,1),
 (331,16,60,0,0),
 (332,18,60,1,0),
 (333,19,60,1,0),
 (334,20,60,2,0),
 (335,21,60,4,0),
 (336,22,60,1,0),
 (337,23,60,2,0),
 (338,24,60,1,0);
INSERT INTO `wm_tipps` (`tid`,`sid`,`uid`,`tore_a`,`tore_b`) VALUES 
 (339,25,60,1,2),
 (340,26,60,1,0),
 (341,27,60,3,0),
 (342,3,73,2,1),
 (343,4,73,0,1),
 (344,5,73,4,0),
 (345,6,73,1,3),
 (346,7,73,2,0),
 (347,1,66,4,1),
 (348,2,66,1,1),
 (349,1,76,4,1),
 (350,2,76,3,1),
 (351,3,76,3,2),
 (352,4,76,0,5),
 (353,5,76,3,1),
 (354,6,76,2,3),
 (355,7,76,4,1),
 (356,8,76,1,3),
 (357,1,75,3,0),
 (358,2,75,2,0),
 (359,1,77,3,2),
 (360,2,77,2,0),
 (361,1,70,3,0),
 (362,3,77,3,0),
 (363,4,77,2,4),
 (364,5,77,1,3),
 (365,6,77,0,2),
 (366,7,77,4,1),
 (367,8,77,2,2),
 (368,1,1,3,0),
 (369,2,1,1,1),
 (370,3,1,1,0),
 (371,4,1,1,1),
 (372,5,1,1,0),
 (373,6,1,1,4),
 (374,7,1,2,0),
 (375,8,1,1,3),
 (376,1,78,3,0),
 (377,2,78,2,1),
 (378,3,78,3,0),
 (379,4,78,0,3),
 (380,5,78,2,0),
 (381,2,70,2,0),
 (382,3,70,1,2),
 (383,4,70,0,3),
 (384,8,73,1,1),
 (385,9,73,2,0),
 (386,10,73,1,4),
 (387,11,73,3,1),
 (388,12,73,0,0),
 (389,13,73,1,0),
 (390,14,73,0,0),
 (391,15,73,2,1),
 (392,16,73,1,1),
 (393,17,73,2,1),
 (394,18,73,3,1);
INSERT INTO `wm_tipps` (`tid`,`sid`,`uid`,`tore_a`,`tore_b`) VALUES 
 (395,19,73,3,0),
 (396,20,73,2,1),
 (397,3,66,3,1),
 (398,4,66,0,2),
 (399,5,66,2,1),
 (400,3,75,3,1),
 (401,4,75,1,2),
 (402,5,75,2,2),
 (403,5,70,2,2),
 (404,6,64,1,1),
 (405,7,64,2,0),
 (406,8,64,1,2),
 (407,6,66,0,3),
 (408,7,66,2,1),
 (409,8,66,0,4),
 (410,6,75,1,1),
 (411,7,75,3,0),
 (412,8,75,0,1),
 (413,6,70,1,2),
 (414,7,70,1,0),
 (415,8,70,0,2),
 (416,9,70,3,0),
 (417,10,70,1,3),
 (418,11,70,2,0),
 (419,12,70,0,1),
 (420,13,70,2,1),
 (421,14,70,1,1),
 (422,15,70,1,1),
 (423,16,70,1,0),
 (424,17,70,1,0),
 (425,18,70,2,1),
 (426,19,70,2,0),
 (427,20,70,1,1),
 (428,21,70,2,1),
 (429,22,70,2,1),
 (430,23,70,1,0),
 (431,10,72,1,2),
 (432,11,72,3,1),
 (433,12,72,2,2),
 (434,13,72,2,1),
 (435,14,72,1,0),
 (436,15,72,1,2),
 (437,16,72,1,1),
 (438,17,72,3,2),
 (439,18,72,1,0),
 (440,19,72,3,0),
 (441,20,72,1,1),
 (442,21,72,2,0),
 (443,23,72,3,0),
 (444,22,72,4,2),
 (446,24,72,4,1),
 (447,9,77,2,0),
 (448,10,77,1,3),
 (449,11,77,4,1);
INSERT INTO `wm_tipps` (`tid`,`sid`,`uid`,`tore_a`,`tore_b`) VALUES 
 (450,12,77,1,2),
 (451,13,77,3,0),
 (452,14,77,2,1),
 (453,15,77,2,0),
 (454,16,77,1,1),
 (455,17,77,2,2),
 (456,9,71,1,0),
 (457,14,71,0,0),
 (458,10,71,0,1),
 (459,11,71,2,1),
 (460,12,71,1,1),
 (461,13,71,2,0),
 (462,9,76,2,3),
 (463,10,76,1,3),
 (464,11,76,4,2),
 (465,12,76,0,2),
 (466,13,76,3,0),
 (467,14,76,1,2),
 (468,15,76,3,1),
 (469,16,76,2,4),
 (470,17,76,4,1),
 (471,18,76,3,2),
 (472,19,76,4,1),
 (473,20,76,3,2),
 (474,9,66,3,1),
 (475,10,66,2,2),
 (476,12,66,1,3),
 (477,10,64,1,2),
 (479,9,64,2,1),
 (480,12,64,1,2),
 (481,9,78,3,0),
 (482,10,78,1,0),
 (483,11,78,4,0),
 (484,12,78,1,1),
 (485,13,78,2,0),
 (486,14,78,1,1),
 (487,17,78,2,1),
 (488,16,78,1,1),
 (489,15,78,2,1),
 (490,9,75,3,1),
 (491,10,75,2,2),
 (492,11,75,3,0),
 (493,12,75,1,0),
 (494,13,75,2,1),
 (495,14,75,1,1),
 (496,9,1,1,1),
 (497,10,1,2,1),
 (498,11,1,3,1),
 (499,14,1,1,1),
 (500,13,1,2,0),
 (501,18,78,2,0),
 (502,19,78,3,0),
 (503,20,78,0,1),
 (504,21,78,2,0);
INSERT INTO `wm_tipps` (`tid`,`sid`,`uid`,`tore_a`,`tore_b`) VALUES 
 (505,22,78,2,2),
 (506,23,78,2,0),
 (507,18,77,1,2),
 (508,11,64,2,0),
 (509,19,77,2,0),
 (510,20,77,4,1),
 (511,13,64,2,2),
 (512,14,64,1,2),
 (513,11,66,2,0),
 (514,13,66,1,0),
 (515,14,66,2,0),
 (516,21,73,2,0),
 (517,22,73,2,1),
 (518,23,73,2,0),
 (519,15,1,1,1),
 (520,16,1,1,0),
 (521,17,1,2,1),
 (522,28,63,0,1),
 (523,29,63,1,1),
 (524,30,63,1,0),
 (525,15,66,1,2),
 (526,16,66,2,0),
 (527,17,66,4,2),
 (528,15,75,1,0),
 (529,17,75,2,0),
 (530,16,75,3,2),
 (531,17,68,2,1),
 (532,15,71,2,1),
 (533,22,71,2,0),
 (534,16,71,1,0),
 (535,17,71,2,1),
 (536,18,71,1,1),
 (537,19,71,3,0),
 (538,20,71,2,1),
 (539,21,71,3,1),
 (540,26,71,2,0),
 (541,23,71,2,0),
 (542,24,71,3,0),
 (543,25,71,4,0),
 (544,24,73,2,0),
 (545,25,73,2,1),
 (546,26,73,2,0),
 (547,27,73,2,1),
 (548,28,73,0,2),
 (549,29,73,1,1),
 (550,30,73,1,0),
 (551,15,64,0,1),
 (552,16,64,2,1),
 (553,17,64,2,2),
 (554,18,64,2,1),
 (555,19,64,3,0),
 (556,20,64,1,1),
 (557,18,75,1,1);
INSERT INTO `wm_tipps` (`tid`,`sid`,`uid`,`tore_a`,`tore_b`) VALUES 
 (558,19,75,3,1),
 (559,20,75,2,0),
 (560,21,75,2,0),
 (561,22,75,4,0),
 (562,23,75,2,0),
 (563,24,75,3,0),
 (564,25,75,2,0),
 (565,26,75,3,1),
 (566,27,75,2,0),
 (567,28,75,1,2),
 (568,29,75,1,1),
 (569,30,75,1,0),
 (570,31,75,2,0),
 (571,32,75,1,2),
 (572,33,75,0,1),
 (573,34,75,1,2),
 (575,35,75,1,1),
 (576,36,75,2,0),
 (577,37,75,0,1),
 (578,38,75,1,0),
 (579,39,75,1,1),
 (580,40,75,1,2),
 (581,41,75,1,0),
 (582,42,75,0,0),
 (583,43,75,0,3),
 (584,44,75,1,1),
 (585,45,75,0,2),
 (586,46,75,2,1),
 (587,47,75,0,3),
 (588,48,75,1,0),
 (589,18,68,2,1),
 (590,19,68,3,0),
 (591,20,68,1,1),
 (592,18,66,3,1),
 (593,19,66,2,1),
 (594,20,66,2,2),
 (595,18,1,1,1),
 (596,19,1,2,0),
 (597,20,1,0,1),
 (598,21,77,3,0),
 (599,22,77,1,2),
 (600,23,77,2,0),
 (601,21,68,2,0),
 (602,22,68,1,1),
 (603,23,68,2,0),
 (604,24,78,3,0),
 (605,25,78,2,1),
 (606,26,78,2,0),
 (607,27,78,2,1),
 (608,28,78,1,2),
 (609,29,78,1,1),
 (610,30,78,2,0),
 (611,31,78,3,1);
INSERT INTO `wm_tipps` (`tid`,`sid`,`uid`,`tore_a`,`tore_b`) VALUES 
 (612,32,78,1,1),
 (613,21,76,2,1),
 (614,22,76,2,1),
 (615,23,76,3,1),
 (616,24,76,4,1),
 (617,25,76,3,0),
 (618,26,76,3,1),
 (619,27,76,2,3),
 (620,28,76,1,2),
 (622,29,76,2,2),
 (623,21,64,2,1),
 (624,22,64,3,1),
 (625,23,64,1,1),
 (626,24,64,2,0),
 (627,25,64,1,0),
 (628,26,64,2,1),
 (629,21,66,3,1),
 (630,22,66,1,2),
 (631,23,66,3,1),
 (632,24,77,3,0),
 (633,25,77,3,1),
 (634,26,77,2,1),
 (635,27,77,3,0),
 (636,28,77,1,2),
 (637,29,77,1,0),
 (638,30,77,2,0),
 (639,31,77,3,0),
 (640,32,77,1,3),
 (641,31,73,3,0),
 (642,32,73,1,2),
 (643,33,73,1,2),
 (644,34,73,1,1),
 (645,35,73,1,2),
 (646,36,73,1,0),
 (647,37,73,2,1),
 (648,38,73,2,0),
 (649,39,73,2,1),
 (650,40,73,0,1),
 (651,41,73,1,2),
 (652,42,73,0,0),
 (653,43,73,0,1),
 (654,44,73,3,0),
 (655,45,73,0,1),
 (656,46,73,2,1),
 (657,47,73,1,2),
 (658,48,73,1,0),
 (659,31,63,2,0),
 (660,22,1,2,2),
 (661,23,1,2,0),
 (662,24,68,2,0),
 (663,25,68,3,0),
 (664,26,68,3,1),
 (665,30,60,2,1);
INSERT INTO `wm_tipps` (`tid`,`sid`,`uid`,`tore_a`,`tore_b`) VALUES 
 (666,28,60,1,2),
 (667,29,60,2,1),
 (668,24,66,2,0),
 (669,25,66,4,1),
 (670,26,66,4,1),
 (671,24,1,1,0),
 (672,25,1,2,0),
 (673,26,1,2,1),
 (674,27,1,3,1),
 (675,28,1,1,1),
 (676,29,1,1,0),
 (677,24,70,3,0),
 (678,25,70,2,1),
 (679,26,70,2,0),
 (680,27,70,2,0),
 (681,28,70,0,1),
 (682,29,70,1,0),
 (683,25,72,3,0),
 (684,26,72,2,0),
 (685,27,72,4,1),
 (686,28,72,2,2),
 (687,29,72,2,0),
 (688,30,72,1,0),
 (689,31,72,3,0),
 (690,32,72,0,1),
 (691,33,72,1,2),
 (692,36,72,0,1),
 (693,34,72,1,2),
 (694,35,72,1,2),
 (696,37,72,1,2),
 (697,38,72,2,0),
 (698,27,71,3,1),
 (699,28,71,1,2),
 (700,29,71,2,0),
 (701,30,71,1,0),
 (702,31,71,2,0),
 (703,32,71,1,0),
 (704,33,71,1,3),
 (705,34,71,0,2),
 (706,35,71,1,2),
 (707,36,71,1,0),
 (708,37,71,1,1),
 (709,38,71,2,0),
 (710,39,71,2,0),
 (711,40,71,1,2),
 (712,27,64,2,0),
 (713,28,64,2,3),
 (714,29,64,2,1),
 (715,30,64,2,1),
 (716,31,64,3,1),
 (717,32,64,1,2),
 (718,29,66,0,1),
 (719,28,66,0,2),
 (720,27,66,2,1);
INSERT INTO `wm_tipps` (`tid`,`sid`,`uid`,`tore_a`,`tore_b`) VALUES 
 (721,27,68,2,1),
 (722,28,68,1,0),
 (723,29,68,0,1),
 (724,31,60,2,0),
 (725,32,60,1,3),
 (726,33,60,1,2),
 (727,34,60,1,3),
 (728,35,60,1,1),
 (729,37,60,2,3),
 (730,36,60,2,1),
 (731,30,1,2,1),
 (732,31,1,2,0),
 (733,32,1,0,1),
 (734,33,1,1,3),
 (735,34,1,0,1),
 (736,35,1,1,1),
 (737,30,76,2,0),
 (738,30,68,2,0),
 (739,31,68,3,0),
 (740,31,76,3,0),
 (741,32,68,1,2),
 (742,32,76,2,1),
 (743,33,76,0,3),
 (744,34,76,2,1),
 (745,35,76,2,2),
 (746,36,76,3,1),
 (747,32,63,1,2),
 (748,33,63,1,2),
 (749,34,63,1,2),
 (750,35,63,1,1),
 (751,36,63,2,0),
 (752,37,63,1,2),
 (753,38,63,1,0),
 (754,39,63,1,0),
 (755,40,63,2,1),
 (756,33,78,1,2),
 (757,34,78,0,2),
 (758,35,78,2,3),
 (759,36,78,1,1),
 (760,37,78,1,1),
 (761,38,78,2,0),
 (762,39,78,1,1),
 (763,40,78,0,3),
 (764,30,66,1,0),
 (765,31,66,3,0),
 (766,32,66,1,3),
 (767,30,70,1,0),
 (768,31,70,2,0),
 (769,32,70,0,2),
 (770,33,70,1,2),
 (771,34,70,0,0),
 (772,33,77,2,2),
 (773,34,77,2,1),
 (774,35,77,0,0);
INSERT INTO `wm_tipps` (`tid`,`sid`,`uid`,`tore_a`,`tore_b`) VALUES 
 (775,36,77,1,2),
 (776,36,1,1,0),
 (777,33,64,1,3),
 (778,34,64,1,2),
 (779,35,64,2,1),
 (780,36,64,1,0),
 (781,33,66,2,1),
 (782,34,66,2,1),
 (783,35,66,2,1),
 (784,36,66,2,1),
 (786,33,68,1,3),
 (787,34,68,1,2),
 (788,38,60,1,2),
 (789,39,60,1,3),
 (790,40,60,0,2),
 (791,43,60,0,2),
 (792,41,60,1,1),
 (793,42,60,1,3),
 (794,44,60,1,2),
 (795,45,60,1,2),
 (796,46,60,1,3),
 (797,48,60,3,1),
 (798,47,60,1,4),
 (799,35,70,1,1),
 (800,36,70,3,0),
 (801,37,64,2,1),
 (802,38,64,2,1),
 (803,39,64,2,1),
 (804,40,64,1,2),
 (805,35,68,1,1),
 (806,36,68,0,1),
 (807,37,68,1,2),
 (808,38,68,2,0),
 (809,39,68,1,0),
 (810,40,68,1,2),
 (811,39,72,1,1),
 (812,40,72,2,0),
 (813,41,72,0,1),
 (814,42,72,2,2),
 (815,43,72,1,2),
 (816,44,72,1,2),
 (818,39,66,2,0),
 (819,40,66,2,2),
 (820,37,77,1,2),
 (821,38,77,2,1),
 (822,39,77,3,1),
 (823,40,77,2,0),
 (824,41,77,1,1),
 (825,42,77,1,3),
 (826,43,77,0,3),
 (827,44,77,2,0),
 (828,45,77,0,2),
 (829,46,77,1,1);
INSERT INTO `wm_tipps` (`tid`,`sid`,`uid`,`tore_a`,`tore_b`) VALUES 
 (830,47,77,0,4),
 (831,48,77,2,0),
 (832,49,74,2,1),
 (833,50,74,1,0),
 (834,51,74,3,1),
 (835,52,74,2,1),
 (836,53,74,2,1),
 (837,54,74,1,2),
 (838,40,70,1,0),
 (839,39,70,2,1),
 (840,38,70,0,2),
 (841,37,70,1,2),
 (842,55,74,2,0),
 (843,56,74,1,0),
 (844,37,1,1,1),
 (845,38,1,2,0),
 (846,39,1,2,0),
 (847,40,1,2,1),
 (848,41,71,1,1),
 (849,42,71,2,1),
 (850,43,71,0,2),
 (851,44,71,1,2),
 (852,45,71,0,3),
 (853,46,71,2,0),
 (854,47,71,0,2),
 (855,48,71,2,0),
 (856,37,66,2,2),
 (857,38,66,3,0),
 (858,41,63,1,1),
 (859,42,63,1,0),
 (860,43,63,0,3),
 (861,44,63,1,2),
 (862,45,63,0,2),
 (863,46,63,1,1),
 (864,47,63,0,3),
 (865,48,63,2,1),
 (866,41,76,2,0),
 (867,42,76,2,0),
 (868,43,76,0,3),
 (869,44,76,2,1),
 (870,45,76,0,2),
 (871,46,76,1,0),
 (872,47,76,0,3),
 (873,48,76,2,1),
 (874,41,68,0,1),
 (875,42,68,2,0),
 (876,43,68,0,3),
 (877,44,68,2,1),
 (878,41,66,1,1),
 (879,42,66,2,0),
 (880,41,70,0,1),
 (881,42,70,2,1),
 (882,43,70,0,2);
INSERT INTO `wm_tipps` (`tid`,`sid`,`uid`,`tore_a`,`tore_b`) VALUES 
 (883,44,70,2,1),
 (884,45,70,0,1),
 (885,46,70,1,0),
 (886,47,70,0,3),
 (887,48,70,2,1),
 (889,49,69,3,1),
 (890,50,69,1,0),
 (891,51,69,1,2),
 (892,52,69,2,0),
 (893,41,64,2,2),
 (894,42,64,1,1),
 (895,43,64,1,3),
 (896,44,64,1,2),
 (897,45,64,1,2),
 (898,46,64,2,2),
 (899,47,64,0,3),
 (901,48,64,2,1),
 (902,41,78,2,1),
 (903,42,78,1,1),
 (904,43,78,1,2),
 (905,44,78,1,2),
 (906,45,78,0,2),
 (907,47,78,1,3),
 (908,46,78,0,1),
 (909,48,78,1,1),
 (910,49,62,2,0),
 (911,50,62,2,1),
 (912,51,62,1,0),
 (913,52,62,3,1),
 (914,49,67,3,1),
 (915,50,67,2,0),
 (916,51,67,1,2),
 (917,52,67,2,1),
 (918,41,1,1,1),
 (919,42,1,0,2),
 (920,43,1,1,3),
 (921,44,1,1,2),
 (922,45,1,0,1),
 (923,46,1,1,2),
 (924,47,1,0,4),
 (925,48,1,2,0),
 (926,43,66,0,2),
 (927,44,66,1,2),
 (928,49,64,3,2),
 (929,50,64,3,1),
 (930,51,64,2,1),
 (931,52,64,5,6),
 (932,45,72,0,3),
 (933,46,72,2,0),
 (934,47,72,0,3),
 (935,48,72,2,0),
 (936,49,72,1,0),
 (937,50,72,3,0),
 (938,45,68,0,1);
INSERT INTO `wm_tipps` (`tid`,`sid`,`uid`,`tore_a`,`tore_b`) VALUES 
 (939,46,68,2,0),
 (940,47,68,0,4),
 (941,48,68,2,1),
 (943,45,66,1,4),
 (944,46,66,1,1),
 (946,47,66,0,5),
 (947,48,66,2,1),
 (948,49,73,2,1),
 (949,50,73,2,0),
 (950,51,73,2,1),
 (951,52,73,0,1),
 (952,53,73,2,1),
 (953,49,77,3,2),
 (954,50,77,3,0),
 (955,51,77,1,0),
 (956,52,77,2,1),
 (957,53,77,3,1),
 (958,55,77,3,1),
 (959,49,75,3,1),
 (960,50,75,2,0),
 (961,49,71,2,0),
 (962,50,71,2,0),
 (963,51,71,2,0),
 (964,52,71,1,0),
 (965,53,71,1,0),
 (966,54,71,2,0),
 (967,55,71,2,0),
 (968,56,71,2,1),
 (969,49,1,2,1),
 (970,50,1,2,0),
 (971,51,1,1,0),
 (972,52,1,2,3),
 (973,53,1,2,0),
 (974,54,1,2,1),
 (975,55,1,3,0),
 (976,56,1,2,3),
 (977,49,61,2,1),
 (978,50,61,2,0),
 (979,51,61,2,1),
 (980,52,61,2,1),
 (981,53,61,2,1),
 (982,54,61,1,2),
 (983,53,64,2,1),
 (984,54,64,2,1),
 (985,55,64,3,1),
 (986,56,64,2,1),
 (987,49,63,2,0),
 (988,50,63,3,1),
 (989,51,63,2,1),
 (990,52,63,1,2),
 (991,53,63,1,0),
 (992,54,63,2,1),
 (993,55,63,2,0),
 (994,56,63,6,7);
INSERT INTO `wm_tipps` (`tid`,`sid`,`uid`,`tore_a`,`tore_b`) VALUES 
 (995,49,66,3,2),
 (997,50,66,3,1),
 (998,49,70,3,1),
 (999,50,70,3,1),
 (1000,51,70,2,0),
 (1001,52,70,0,1),
 (1002,49,68,3,2),
 (1003,50,68,3,0),
 (1004,49,76,3,2),
 (1005,50,76,3,1),
 (1006,51,76,3,1),
 (1007,52,76,2,1),
 (1008,53,76,3,1),
 (1009,54,76,2,1),
 (1010,55,76,2,3),
 (1011,56,76,3,1),
 (1012,51,75,2,1),
 (1013,52,75,0,1),
 (1014,53,75,1,0),
 (1015,54,75,2,1),
 (1016,55,75,3,1),
 (1017,56,75,1,2),
 (1018,54,77,1,2),
 (1019,56,77,5,4),
 (1020,51,78,1,2),
 (1021,52,78,1,2),
 (1022,53,78,2,1),
 (1023,54,78,2,1),
 (1024,55,78,3,1),
 (1025,56,78,1,2),
 (1026,51,72,3,0),
 (1027,52,72,2,1),
 (1028,53,72,2,1),
 (1029,54,72,2,1),
 (1030,55,72,3,1),
 (1031,56,72,2,0),
 (1032,51,66,1,0),
 (1033,52,66,2,1),
 (1034,51,60,2,0),
 (1035,52,60,3,1),
 (1036,53,60,2,1),
 (1037,53,66,2,1),
 (1038,54,66,2,1),
 (1039,53,68,1,2),
 (1040,54,68,2,1),
 (1041,55,68,2,0),
 (1042,56,68,3,0),
 (1043,53,62,2,0),
 (1044,54,62,1,0),
 (1045,55,62,3,1),
 (1046,56,62,2,1);
INSERT INTO `wm_tipps` (`tid`,`sid`,`uid`,`tore_a`,`tore_b`) VALUES 
 (1047,53,69,2,0),
 (1048,54,69,1,0),
 (1049,55,69,0,1),
 (1051,56,69,1,0),
 (1052,54,73,1,0),
 (1053,55,73,2,0),
 (1054,56,73,6,5),
 (1055,54,60,1,2),
 (1056,54,70,1,0),
 (1057,55,70,2,1),
 (1058,56,70,2,1),
 (1059,55,61,2,0),
 (1060,56,61,2,1),
 (1061,55,60,2,0),
 (1062,56,60,1,0),
 (1063,55,66,3,0),
 (1064,56,66,0,1),
 (1065,57,62,3,0),
 (1066,59,62,1,0),
 (1068,57,73,2,1),
 (1069,58,73,0,1),
 (1070,59,73,1,0),
 (1071,55,67,1,2),
 (1072,56,67,2,1),
 (1073,57,67,2,3),
 (1074,58,67,2,3),
 (1075,59,67,1,0),
 (1076,57,63,2,1),
 (1077,58,63,1,2),
 (1078,59,63,4,3),
 (1079,57,74,2,0),
 (1080,58,74,1,2),
 (1081,59,74,2,0),
 (1082,57,78,3,1),
 (1083,58,78,1,2),
 (1084,59,78,2,1),
 (1085,57,77,3,2),
 (1086,58,77,2,1),
 (1087,59,77,2,0),
 (1088,60,62,2,0),
 (1089,58,62,1,3),
 (1090,57,61,2,1),
 (1091,58,61,1,2),
 (1092,59,61,2,1),
 (1093,60,61,2,1),
 (1094,60,67,1,2),
 (1095,57,68,2,1),
 (1096,58,68,1,0),
 (1097,59,68,1,0),
 (1098,60,68,1,2);
INSERT INTO `wm_tipps` (`tid`,`sid`,`uid`,`tore_a`,`tore_b`) VALUES 
 (1099,57,71,2,0),
 (1100,58,71,0,1),
 (1101,59,71,1,0),
 (1102,60,71,2,0),
 (1103,60,74,3,1),
 (1104,57,69,3,1),
 (1105,58,69,2,1),
 (1106,59,69,1,0),
 (1107,60,69,3,1),
 (1108,57,64,2,1),
 (1109,58,64,0,1),
 (1110,59,64,4,5),
 (1111,60,64,2,1),
 (1112,57,70,3,1),
 (1113,58,70,1,2),
 (1114,59,70,2,0),
 (1115,57,75,2,1),
 (1116,59,75,2,0),
 (1117,58,75,0,1),
 (1118,60,75,2,1),
 (1119,57,60,2,1),
 (1120,58,60,5,4),
 (1121,59,60,2,0),
 (1122,60,60,3,0),
 (1123,57,72,2,1),
 (1124,59,72,3,0),
 (1125,60,72,2,0),
 (1126,58,72,2,0),
 (1127,57,76,3,2),
 (1128,58,76,2,1),
 (1129,59,76,2,0),
 (1130,60,76,2,1),
 (1131,57,66,3,2),
 (1132,59,66,2,0),
 (1133,57,1,1,0),
 (1134,59,1,1,0),
 (1136,58,1,1,3),
 (1137,60,1,3,2),
 (1139,58,66,0,1),
 (1140,61,61,2,1),
 (1141,61,72,2,0),
 (1142,60,63,1,2),
 (1143,61,63,2,1),
 (1144,60,66,4,5),
 (1145,60,70,2,1),
 (1146,60,77,3,1),
 (1147,61,77,3,2),
 (1148,62,63,1,2),
 (1149,61,71,2,0),
 (1150,62,71,2,0),
 (1151,61,64,3,1);
INSERT INTO `wm_tipps` (`tid`,`sid`,`uid`,`tore_a`,`tore_b`) VALUES 
 (1152,62,64,1,2),
 (1153,61,62,2,0),
 (1154,62,62,0,1),
 (1155,61,67,1,3),
 (1156,62,67,1,2),
 (1157,62,69,4,5),
 (1158,61,60,3,2),
 (1159,61,74,1,0),
 (1160,62,74,1,3),
 (1161,62,61,1,2),
 (1162,61,68,2,1),
 (1163,62,68,0,2),
 (1164,62,76,1,2),
 (1165,61,76,2,1),
 (1166,62,77,1,3),
 (1167,61,70,1,3),
 (1168,62,70,1,2),
 (1169,61,73,2,1),
 (1170,62,73,1,0),
 (1171,63,73,2,1),
 (1172,64,73,1,0),
 (1173,61,66,2,1),
 (1174,61,69,1,0),
 (1175,61,75,2,1),
 (1176,62,75,0,1),
 (1177,61,1,3,1),
 (1178,62,1,1,2),
 (1179,62,66,0,1),
 (1180,63,75,2,0),
 (1181,64,75,0,1),
 (1182,63,64,3,1),
 (1183,64,64,2,1),
 (1184,62,60,0,0),
 (1185,64,60,4,3),
 (1186,63,60,0,1),
 (1187,50,60,0,0),
 (1188,49,60,0,0),
 (1189,64,69,0,1),
 (1190,63,69,3,2),
 (1191,63,1,2,0),
 (1193,64,1,1,2),
 (1194,63,72,2,2),
 (1195,64,72,1,0),
 (1196,63,74,2,0),
 (1197,64,74,1,0),
 (1198,63,62,2,0),
 (1199,64,62,0,1),
 (1200,63,71,2,0),
 (1201,64,71,2,0),
 (1202,63,70,3,2),
 (1203,64,70,2,0);
INSERT INTO `wm_tipps` (`tid`,`sid`,`uid`,`tore_a`,`tore_b`) VALUES 
 (1204,63,76,2,1),
 (1205,64,76,1,2),
 (1206,63,61,2,1),
 (1207,64,61,1,2),
 (1208,63,68,3,2),
 (1209,64,68,3,4),
 (1210,63,66,2,3),
 (1211,63,63,2,1),
 (1212,64,63,0,1),
 (1213,64,77,3,1),
 (1214,63,77,3,2),
 (1215,64,67,3,1),
 (1216,64,66,5,4);
/*!40000 ALTER TABLE `wm_tipps` ENABLE KEYS */;


--
-- Definition of table `wm_user`
--

DROP TABLE IF EXISTS `wm_user`;
CREATE TABLE `wm_user` (
  `uid` int(11) NOT NULL auto_increment,
  `name` varchar(20) NOT NULL default '',
  `wmtipp` tinyint(4) NOT NULL default '0',
  PRIMARY KEY  (`uid`),
  UNIQUE KEY `name` (`name`),
  UNIQUE KEY `name_2` (`name`)
) TYPE=MyISAM;

--
-- Dumping data for table `wm_user`
--

/*!40000 ALTER TABLE `wm_user` DISABLE KEYS */;
INSERT INTO `wm_user` (`uid`,`name`,`wmtipp`) VALUES 
 (1,'zweiblum',8),
 (60,'lord vetinari',3),
 (61,'rincewind',3),
 (62,'mumm',3),
 (63,'oma wetterwachs',8),
 (64,'nanny ogg',3),
 (66,'karotte',3),
 (67,'gaspode',10),
 (68,'entenmann',6),
 (69,'dorfl',3),
 (70,'detritus',10),
 (71,'schnapper',29),
 (72,'tiffany',3),
 (73,'ridcully',10),
 (74,'der bibliothekar',3),
 (75,'HEX',3),
 (76,'fred colon',6),
 (77,'angua',30),
 (78,'nobby',8);
/*!40000 ALTER TABLE `wm_user` ENABLE KEYS */;




/*!40101 SET SQL_MODE=@OLD_SQL_MODE */;
/*!40014 SET FOREIGN_KEY_CHECKS=@OLD_FOREIGN_KEY_CHECKS */;
/*!40014 SET UNIQUE_CHECKS=@OLD_UNIQUE_CHECKS */;
/*!40101 SET CHARACTER_SET_CLIENT=@OLD_CHARACTER_SET_CLIENT */;
/*!40101 SET CHARACTER_SET_RESULTS=@OLD_CHARACTER_SET_RESULTS */;
/*!40101 SET COLLATION_CONNECTION=@OLD_COLLATION_CONNECTION */;
/*!40101 SET CHARACTER_SET_CLIENT=@OLD_CHARACTER_SET_CLIENT */;
